?
1
What is the greatest common factor of 60 and 95?
5
Calculate the greatest common factor of 784 and 147.
49
What is the greatest common factor of 80 and 128?
16
Calculate the greatest common factor of 486 and 594.
54
Calculate the greatest common factor of 33 and 12.
3
What is the greatest common factor of 1578 and 6?
6
Calculate the greatest common factor of 1269 and 27.
27
What is the greatest common factor of 22339 and 89?
89
What is the greatest common factor of 427 and 366?
61
Calculate the highest common divisor of 148 and 37.
37
Calculate the highest common factor of 110 and 1835.
5
What is the highest common divisor of 143 and 429?
143
What is the greatest common factor of 30 and 130?
10
Calculate the greatest common divisor of 126 and 56.
14
What is the highest common factor of 32 and 20?
4
What is the highest common factor of 286 and 26?
26
What is the greatest common divisor of 22516 and 52?
52
Calculate the greatest common factor of 1120 and 70.
70
What is the highest common factor of 45 and 5?
5
What is the highest common factor of 230 and 8?
2
Calculate the greatest common factor of 44 and 4.
4
What is the highest common divisor of 210 and 2250?
30
What is the highest common divisor of 10682 and 98?
98
Calculate the highest common divisor of 28 and 7.
7
Calculate the greatest common divisor of 10 and 55.
5
Calculate the greatest common factor of 25 and 30.
5
What is the highest common factor of 81 and 2187?
81
Calculate the greatest common factor of 10 and 70.
10
Calculate the greatest common divisor of 112 and 176.
16
Calculate the highest common factor of 28032 and 48.
48
What is the greatest common factor of 25 and 3?
1
What is the greatest common factor of 539 and 28?
7
Calculate the highest common factor of 516 and 32250.
258
Calculate the highest common divisor of 657 and 9.
9
What is the greatest common divisor of 1740 and 15?
15
What is the greatest common divisor of 23 and 621?
23
What is the greatest common divisor of 72 and 9?
9
Calculate the greatest common factor of 38 and 950.
38
What is the highest common divisor of 155 and 589?
31
What is the greatest common divisor of 351 and 18?
9
What is the highest common factor of 45 and 185?
5
Calculate the greatest common divisor of 204 and 528.
12
Calculate the greatest common divisor of 19 and 931.
19
What is the greatest common factor of 76 and 1748?
76
What is the greatest common factor of 287 and 14?
7
Calculate the highest common divisor of 205 and 320.
5
Calculate the highest common factor of 957 and 29.
29
What is the greatest common divisor of 116 and 876?
4
What is the highest common factor of 156 and 636?
12
What is the greatest common factor of 28 and 938?
14
Calculate the greatest common factor of 130 and 1140.
10
Calculate the highest common divisor of 4214 and 86.
86
Calculate the highest common divisor of 24 and 5496.
24
What is the greatest common factor of 6862 and 282?
94
Calculate the greatest common factor of 21 and 56.
7
What is the highest common divisor of 42 and 231?
21
What is the highest common divisor of 82 and 7216?
82
What is the greatest common divisor of 10 and 10310?
10
What is the highest common divisor of 370 and 110?
10
What is the greatest common factor of 105 and 240?
15
What is the highest common factor of 565 and 5?
5
What is the highest common divisor of 8 and 272?
8
What is the greatest common divisor of 162 and 1161?
27
Calculate the highest common divisor of 2 and 35.
1
What is the greatest common factor of 658 and 98?
14
Calculate the highest common factor of 495 and 45.
45
Calculate the greatest common factor of 2623 and 122.
61
Calculate the greatest common divisor of 2765 and 175.
35
What is the greatest common factor of 20 and 4540?
20
Calculate the greatest common factor of 1120 and 16.
16
Calculate the highest common factor of 17493 and 153.
51
What is the highest common divisor of 4560 and 80?
80
What is the greatest common factor of 253 and 2001?
23
Calculate the highest common divisor of 9340 and 40.
20
What is the greatest common factor of 140 and 4340?
140
What is the highest common divisor of 341 and 22?
11
Calculate the highest common divisor of 144 and 16.
16
Calculate the highest common divisor of 67 and 670.
67
Calculate the greatest common divisor of 4 and 12.
4
Calculate the greatest common factor of 270 and 3210.
30
What is the highest common divisor of 608 and 209?
19
What is the greatest common factor of 124 and 279?
31
Calculate the greatest common factor of 5000 and 125.
125
Calculate the highest common divisor of 324 and 72.
36
Calculate the greatest common divisor of 451 and 11.
11
Calculate the highest common divisor of 4230 and 80.
10
Calculate the greatest common factor of 1376 and 64.
32
What is the greatest common divisor of 712 and 176?
8
Calculate the greatest common divisor of 45 and 155.
5
What is the greatest common factor of 43757 and 47?
47
Calculate the highest common factor of 170 and 544.
34
Calculate the highest common divisor of 2 and 74.
2
Calculate the greatest common divisor of 4978 and 38.
38
What is the highest common factor of 18 and 153?
9
Calculate the highest common factor of 47886 and 138.
138
What is the greatest common divisor of 86 and 1376?
86
Calculate the highest common factor of 2140 and 120.
20
What is the greatest common divisor of 568 and 71?
71
Calculate the highest common factor of 275 and 165.
55
What is the highest common divisor of 14 and 5558?
14
Calculate the highest common factor of 2 and 162.
2
What is the highest common factor of 3604 and 53?
53
What is the greatest common factor of 80 and 80?
80
Calculate the greatest common factor of 187 and 119.
17
What is the highest common divisor of 3127 and 118?
59
Calculate the highest common factor of 1 and 17.
1
What is the highest common factor of 1992 and 24?
24
What is the highest common factor of 1075 and 925?
25
Calculate the greatest common divisor of 40 and 15130.
10
Calculate the greatest common factor of 105 and 966.
21
Calculate the greatest common factor of 888 and 1221.
111
Calculate the highest common factor of 72 and 1944.
72
What is the greatest common factor of 98 and 2?
2
Calculate the greatest common divisor of 407 and 11.
11
What is the greatest common divisor of 9500 and 152?
76
Calculate the highest common divisor of 1134 and 14.
14
What is the greatest common divisor of 4872 and 6?
6
Calculate the highest common divisor of 4 and 5204.
4
What is the highest common factor of 70 and 10?
10
What is the greatest common divisor of 778 and 14?
2
Calculate the highest common factor of 14 and 938.
14
Calculate the highest common factor of 10157 and 7.
7
What is the greatest common divisor of 6723 and 1053?
81
What is the highest common factor of 30569 and 11?
11
Calculate the highest common divisor of 19 and 2736.
19
Calculate the greatest common divisor of 8 and 58.
2
What is the greatest common divisor of 156 and 2976?
12
What is the highest common factor of 143 and 13?
13
What is the greatest common divisor of 1668 and 12?
12
Calculate the highest common divisor of 1573 and 1430.
143
Calculate the highest common factor of 477 and 53.
53
What is the highest common divisor of 24 and 18?
6
Calculate the highest common divisor of 181 and 905.
181
What is the highest common divisor of 95 and 115?
5
What is the highest common divisor of 12 and 2028?
12
Calculate the highest common divisor of 4 and 76.
4
Calculate the highest common factor of 128 and 180.
4
Calculate the highest common divisor of 899 and 116.
29
Calculate the highest common divisor of 50 and 1690.
10
What is the greatest common factor of 6889 and 83?
83
What is the greatest common factor of 564 and 4?
4
What is the greatest common factor of 4168 and 16?
8
What is the greatest common divisor of 35 and 70?
35
Calculate the highest common divisor of 14861 and 231.
77
Calculate the highest common factor of 8 and 648.
8
What is the highest common divisor of 357 and 2667?
21
What is the highest common factor of 58 and 45124?
58
What is the highest common divisor of 44 and 1364?
44
What is the highest common factor of 66 and 64?
2
What is the greatest common divisor of 270 and 75?
15
What is the highest common factor of 33 and 121?
11
Calc